{"id":537,"date":"2017-03-06T18:58:11","date_gmt":"2017-03-06T18:58:11","guid":{"rendered":"http:\/\/www.asociacion-piel.org.ar\/web\/?page_id=537"},"modified":"2019-06-14T17:12:32","modified_gmt":"2019-06-14T17:12:32","slug":"programas-de-ayuda","status":"publish","type":"page","link":"https:\/\/www.asociacion-piel.org.ar\/web\/programas-de-ayuda\/","title":{"rendered":"Programas de Ayuda"},"content":{"rendered":"<p>[et_pb_section transparent_background=\u00bboff\u00bb allow_player_pause=\u00bboff\u00bb inner_shadow=\u00bboff\u00bb parallax=\u00bboff\u00bb parallax_method=\u00bbon\u00bb custom_padding=\u00bb0px|0px|1px|0px\u00bb padding_mobile=\u00bboff\u00bb make_fullwidth=\u00bboff\u00bb use_custom_width=\u00bboff\u00bb width_unit=\u00bboff\u00bb custom_width_px=\u00bb1080px\u00bb custom_width_percent=\u00bb80%\u00bb make_equal=\u00bboff\u00bb use_custom_gutter=\u00bboff\u00bb fullwidth=\u00bboff\u00bb specialty=\u00bboff\u00bb admin_label=\u00bbSecci\u00f3n\u00bb disabled=\u00bboff\u00bb][et_pb_row make_fullwidth=\u00bboff\u00bb use_custom_width=\u00bboff\u00bb width_unit=\u00bboff\u00bb custom_width_px=\u00bb1080px\u00bb custom_width_percent=\u00bb80%\u00bb use_custom_gutter=\u00bboff\u00bb gutter_width=\u00bb3&#8243; custom_padding=\u00bb25px|0px|27px|0px\u00bb padding_mobile=\u00bboff\u00bb allow_player_pause=\u00bboff\u00bb parallax=\u00bboff\u00bb parallax_method=\u00bbon\u00bb make_equal=\u00bboff\u00bb column_padding_mobile=\u00bbon\u00bb parallax_1=\u00bboff\u00bb parallax_method_1=\u00bbon\u00bb parallax_2=\u00bboff\u00bb parallax_method_2=\u00bbon\u00bb parallax_3=\u00bboff\u00bb parallax_method_3=\u00bbon\u00bb parallax_4=\u00bboff\u00bb parallax_method_4=\u00bbon\u00bb admin_label=\u00bbFila\u00bb disabled=\u00bboff\u00bb][et_pb_column type=\u00bb4_4&#8243; disabled=\u00bboff\u00bb parallax=\u00bboff\u00bb parallax_method=\u00bbon\u00bb column_padding_mobile=\u00bbon\u00bb][et_pb_image src=\u00bbhttp:\/\/www.asociacion-piel.org.ar\/web\/wp-content\/uploads\/2017\/03\/1-1.png\u00bb show_in_lightbox=\u00bboff\u00bb url_new_window=\u00bboff\u00bb use_overlay=\u00bboff\u00bb sticky=\u00bboff\u00bb align=\u00bbcenter\u00bb force_fullwidth=\u00bboff\u00bb always_center_on_mobile=\u00bbon\u00bb admin_label=\u00bbImagen\u00bb use_border_color=\u00bboff\u00bb border_color=\u00bb#ffffff\u00bb border_width=\u00bb1px\u00bb border_style=\u00bbsolid\u00bb disabled=\u00bboff\u00bb] [\/et_pb_image][\/et_pb_column][\/et_pb_row][\/et_pb_section][et_pb_section transparent_background=\u00bboff\u00bb allow_player_pause=\u00bboff\u00bb inner_shadow=\u00bboff\u00bb parallax=\u00bboff\u00bb parallax_method=\u00bbon\u00bb custom_padding=\u00bb0px|0px|1px|0px\u00bb padding_mobile=\u00bboff\u00bb make_fullwidth=\u00bboff\u00bb use_custom_width=\u00bboff\u00bb width_unit=\u00bboff\u00bb custom_width_px=\u00bb1080px\u00bb custom_width_percent=\u00bb80%\u00bb make_equal=\u00bboff\u00bb use_custom_gutter=\u00bboff\u00bb fullwidth=\u00bboff\u00bb specialty=\u00bboff\u00bb admin_label=\u00bbSecci\u00f3n\u00bb disabled=\u00bboff\u00bb][et_pb_row make_fullwidth=\u00bboff\u00bb use_custom_width=\u00bboff\u00bb width_unit=\u00bboff\u00bb custom_width_px=\u00bb1080px\u00bb custom_width_percent=\u00bb80%\u00bb use_custom_gutter=\u00bboff\u00bb gutter_width=\u00bb3&#8243; custom_padding=\u00bb25px|0px|27px|0px\u00bb padding_mobile=\u00bboff\u00bb allow_player_pause=\u00bboff\u00bb parallax=\u00bboff\u00bb parallax_method=\u00bbon\u00bb make_equal=\u00bboff\u00bb column_padding_mobile=\u00bbon\u00bb parallax_1=\u00bboff\u00bb parallax_method_1=\u00bbon\u00bb parallax_2=\u00bboff\u00bb parallax_method_2=\u00bbon\u00bb parallax_3=\u00bboff\u00bb parallax_method_3=\u00bbon\u00bb parallax_4=\u00bboff\u00bb parallax_method_4=\u00bbon\u00bb admin_label=\u00bbFila\u00bb disabled=\u00bboff\u00bb][et_pb_column type=\u00bb4_4&#8243; disabled=\u00bboff\u00bb parallax=\u00bboff\u00bb parallax_method=\u00bbon\u00bb column_padding_mobile=\u00bbon\u00bb][et_pb_text background_layout=\u00bblight\u00bb text_orientation=\u00bbcenter\u00bb admin_label=\u00bbTexto\u00bb use_border_color=\u00bboff\u00bb border_style=\u00bbsolid\u00bb disabled=\u00bboff\u00bb]<\/p>\n<h3 style=\"text-align: center;\"><\/h3>\n<h1 style=\"text-align: center;\">Programas de Ayuda<\/h1>\n<h3 style=\"text-align: left;\"><em style=\"font-size: 22px;\">Sistema de Becas<\/em><\/h3>\n<h3 style=\"text-align: left;\"><span style=\"font-size: 22px; color: #666666;\"><span style=\"font-size: 14px;\"><i style=\"font-size: 14px;\">Asumiendo el compromiso de que ning&uacute;n ni&ntilde;o se vea privado de un tratamiento adecuado, en el caso de aquellas familias que no posean recursos econ&oacute;micos para la atenci&oacute;n de sus hijos, PIEL otorga becas parciales y\/o totales. Para ello, contamos con convenios de cooperaci&oacute;n con distintas empresas y ONG&#8217;s locales e internacionales que colaboran con nosotros para poder ayudar a cientos de ni&ntilde;os de todo el pais.<\/i><\/span><\/span><\/h3>\n<p>&nbsp;<\/p>\n<h3 style=\"text-align: left;\"><\/h3>\n<h3 style=\"text-align: left;\"><em style=\"font-size: 22px;\">Sistema de Padrinazgo<\/em><\/h3>\n<p style=\"text-align: left;\"><em style=\"font-size: 14px;\">Si bien se trata de un arduo trabajo, este programa nos reporta grandes satisfacciones. La comisi&oacute;n directiva de Asociaci&oacute;n PIEL trata de localizar padrinos para todos los ni&ntilde;os que presentan malformaciones, y que no cuentan con recursos, ni familia que pueda afrontar una cirug&iacute;a o un tratamiento de rehabilitacion. Estos padrinos se hacen cargo de los costos, e incluso muchas veces del alojamiento y la alimentaci&oacute;n durante el periodo que dura el tratamiento.<\/em><\/p>\n<p style=\"text-align: left;\">\n<h3 style=\"text-align: left;\"><\/h3>\n<h3 style=\"text-align: left;\"><em style=\"font-size: 22px;\">Club de Padres<\/em><\/h3>\n<p style=\"text-align: left;\"><span style=\"text-align: center;\"><i style=\"font-size: 14px;\">Son encuentros, abiertos para todo p&uacute;blico, entre nuestros profesionales y los padres. En estas reuniones se abordan, en forma grupal, todos los temas relacionados con la patolog&iacute;a de los ni&ntilde;os, no s&oacute;lo desde el punto de vista m&eacute;dico, sino tambi&eacute;n desde el punto de vista psicol&oacute;gico y social. Estos encuentros resultan de gran ayuda e importancia, ya que en ellos los padres hablan libremente de sus miedos, sus rechazos y los problemas que les produce el nacimiento de un ni&ntilde;o con alteraciones no esperadas. Compartiendo su preocupacion con los otros padres y con el apoyo del equipo interdisciplinario la meta es ir encontrando soluciones. Al comienzo de la reunion se aborda un tema m&eacute;dico a cargo de un especialista. A continuacion los padres de los ni&ntilde;os, ya tratados, escuchan y asesoran a los padres reci&eacute;n arribados. Al finalizar, se presentan las novedades y proyectos del mes.<\/i><\/span><\/p>\n<p style=\"text-align: left;\">\n<h3 style=\"text-align: left;\"><em style=\"font-size: 22px;\">Difusi&oacute;n<\/em><\/h3>\n<p style=\"text-align: left;\"><span style=\"text-align: center;\"><i>Con el objeto de educar e informar, nuestro grupo interdisciplinario ha elaborado manuales de apoyo para padres, los cuales son distribuidos en forma gratuita en hospitales y escuelas. De este modo, hemos conseguido inculcar en los centros de atenci&oacute;n, p&uacute;blica y privada, la importancia del arribo temprano del paciente y su asistencia por un grupo interdisciplinario. Asociaci&oacute;n PIEL organiza cursos interdisciplinarios que cuentan con la asistencia de invitados internacionales. De este modo podemos ser reconocidos por nuestros colegas, para luego recibir sus consultas y derivaciones. Tambi&eacute;n nuestro equipo interdisciplinario visita distintas provincias, con la aprobaci&oacute;n de autoridades regionales, para dictar cursos y evaluar pacientes. Nuestra instituci&oacute;n realiza encuentros con docentes y directivos escolares, con el objeto de iniciar campa&ntilde;as de detecci&oacute;n y prevenci&oacute;n, y fundamentalmente con la ambici&oacute;n de prevenir la discriminaci&oacute;n de los ni&ntilde;os en los colegios.&nbsp;<\/i><\/span><\/p>\n<h3 style=\"background-color: #ffffff; text-align: left;\"><\/h3>\n<h3 style=\"background-color: #ffffff; text-align: left;\"><em style=\"font-size: 22px;\">Si usted desea realizar una donacion o contribucion lo puede hacer de la siguiente forma:<\/em><\/h3>\n<p style=\"text-align: left;\">\n<p style=\"background-color: #ffffff; text-align: left;\"><span style=\"background-color: #ffffff;\"><i>* Cheque a la orden de &rdquo;Piel Asociaci&oacute;n Civil sin fines de lucro&rdquo;<\/i><\/span><\/p>\n<p style=\"background-color: #ffffff; text-align: left;\"><span style=\"background-color: #ffffff;\"><i>* Desde forma online a traves de nuestra pagina web.<\/i><\/span><\/p>\n<p style=\"background-color: #ffffff; text-align: left;\"><i>* Dep&oacute;sito o transferencia:<\/i><\/p>\n<p style=\"background-color: #ffffff; text-align: left; padding-left: 180px;\"><i>Banco Santander Rio<\/i><\/p>\n<p style=\"background-color: #ffffff; text-align: left; padding-left: 180px;\"><i>PIEL Asociaciacion Civil sin Fines de Lucro<\/i><\/p>\n<p style=\"background-color: #ffffff; text-align: left; padding-left: 180px;\"><i>CUIT 30-63405503-3<\/i><\/p>\n<p style=\"background-color: #ffffff; text-align: left; padding-left: 180px;\"><i>Cuenta Corriente: 754-000084\/0<\/i><\/p>\n<p style=\"background-color: #ffffff; text-align: left; padding-left: 180px;\"><span style=\"background-color: #ffffff;\"><i>CBU: 0720754120000000008404<\/i><\/span><\/p>\n<p style=\"text-align: left;\">\n<p>[\/et_pb_text][\/et_pb_column][\/et_pb_row][\/et_pb_section][et_pb_section transparent_background=\u00bboff\u00bb allow_player_pause=\u00bboff\u00bb inner_shadow=\u00bboff\u00bb parallax=\u00bboff\u00bb parallax_method=\u00bbon\u00bb custom_padding=\u00bb0px|0px|1px|0px\u00bb padding_mobile=\u00bboff\u00bb make_fullwidth=\u00bboff\u00bb use_custom_width=\u00bboff\u00bb width_unit=\u00bboff\u00bb custom_width_px=\u00bb1080px\u00bb custom_width_percent=\u00bb80%\u00bb make_equal=\u00bboff\u00bb use_custom_gutter=\u00bboff\u00bb fullwidth=\u00bboff\u00bb specialty=\u00bboff\u00bb admin_label=\u00bbSecci\u00f3n\u00bb disabled=\u00bboff\u00bb][et_pb_row make_fullwidth=\u00bboff\u00bb use_custom_width=\u00bboff\u00bb width_unit=\u00bboff\u00bb custom_width_px=\u00bb1080px\u00bb custom_width_percent=\u00bb80%\u00bb use_custom_gutter=\u00bboff\u00bb gutter_width=\u00bb3&#8243; padding_mobile=\u00bboff\u00bb allow_player_pause=\u00bboff\u00bb parallax=\u00bboff\u00bb parallax_method=\u00bbon\u00bb make_equal=\u00bboff\u00bb column_padding_mobile=\u00bbon\u00bb parallax_1=\u00bboff\u00bb parallax_method_1=\u00bbon\u00bb parallax_2=\u00bboff\u00bb parallax_method_2=\u00bbon\u00bb parallax_3=\u00bboff\u00bb parallax_method_3=\u00bbon\u00bb parallax_4=\u00bboff\u00bb parallax_method_4=\u00bbon\u00bb admin_label=\u00bbFila\u00bb disabled=\u00bboff\u00bb][et_pb_column type=\u00bb4_4&#8243; disabled=\u00bboff\u00bb parallax=\u00bboff\u00bb parallax_method=\u00bbon\u00bb column_padding_mobile=\u00bbon\u00bb][et_pb_text background_layout=\u00bblight\u00bb text_orientation=\u00bbcenter\u00bb admin_label=\u00bbTexto\u00bb use_border_color=\u00bboff\u00bb border_style=\u00bbsolid\u00bb disabled=\u00bboff\u00bb]<\/p>\n<h3 style=\"text-align: center;\">Colaboran con nosotros<\/h3>\n<p>[\/et_pb_text][et_pb_code admin_label=\u00bbC\u00f3digo\u00bb disabled=\u00bboff\u00bb]<div class=\"ed-carousel-wrp ed-carousel-429\"><div id=\"ed-carousel-429\" class=\"owl-carousel ed-carousel center\"><div class=\"ed-item\"><img src=\"https:\/\/www.asociacion-piel.org.ar\/web\/wp-content\/uploads\/2017\/03\/logo-smile-train-web.png\" alt=\"\" class=\"masterTooltip\" title=\"\"><\/div><div class=\"ed-item\"><img src=\"https:\/\/www.asociacion-piel.org.ar\/web\/wp-content\/uploads\/2017\/03\/logo-FNV.png\" alt=\"\" class=\"masterTooltip\" title=\"\"><\/div><div class=\"ed-item\"><img src=\"https:\/\/www.asociacion-piel.org.ar\/web\/wp-content\/uploads\/2017\/04\/BAF-FundacionLOGO-1.jpg\" alt=\"\" class=\"masterTooltip\" title=\"\"><\/div><div class=\"ed-item\"><img src=\"https:\/\/www.asociacion-piel.org.ar\/web\/wp-content\/uploads\/2017\/03\/LATICFA-web.png\" alt=\"\" class=\"masterTooltip\" title=\"\"><\/div><div class=\"ed-item\"><img src=\"https:\/\/www.asociacion-piel.org.ar\/web\/wp-content\/uploads\/2017\/02\/world.jpg\" alt=\"\" class=\"masterTooltip\" title=\"\"><\/div><div class=\"ed-item\"><img src=\"https:\/\/www.asociacion-piel.org.ar\/web\/wp-content\/uploads\/2017\/03\/journal-web.jpg\" alt=\"\" class=\"masterTooltip\" title=\"\"><\/div><div class=\"ed-item\"><img src=\"https:\/\/www.asociacion-piel.org.ar\/web\/wp-content\/uploads\/2017\/02\/sobrapar.jpg\" alt=\"\" class=\"masterTooltip\" title=\"\"><\/div><div class=\"ed-item\"><img src=\"https:\/\/www.asociacion-piel.org.ar\/web\/wp-content\/uploads\/2017\/02\/fundacion.jpg\" alt=\"\" class=\"masterTooltip\" title=\"\"><\/div><div class=\"ed-item\"><img src=\"https:\/\/www.asociacion-piel.org.ar\/web\/wp-content\/uploads\/2017\/03\/abflp-web.png\" alt=\"\" class=\"masterTooltip\" title=\"\"><\/div><\/div><\/div>[\/et_pb_code][\/et_pb_column][\/et_pb_row][\/et_pb_section][et_pb_section transparent_background=\u00bboff\u00bb background_color=\u00bb#f4f4f4&#8243; allow_player_pause=\u00bboff\u00bb inner_shadow=\u00bbon\u00bb parallax=\u00bboff\u00bb parallax_method=\u00bboff\u00bb custom_padding=\u00bb7px|0px|12px|0px\u00bb padding_mobile=\u00bboff\u00bb make_fullwidth=\u00bboff\u00bb use_custom_width=\u00bboff\u00bb width_unit=\u00bbon\u00bb custom_width_px=\u00bb1080px\u00bb custom_width_percent=\u00bb80%\u00bb make_equal=\u00bboff\u00bb use_custom_gutter=\u00bboff\u00bb fullwidth=\u00bboff\u00bb specialty=\u00bboff\u00bb admin_label=\u00bbSecci\u00f3n\u00bb disabled=\u00bboff\u00bb][et_pb_row make_fullwidth=\u00bboff\u00bb use_custom_width=\u00bboff\u00bb width_unit=\u00bboff\u00bb custom_width_px=\u00bb1080px\u00bb custom_width_percent=\u00bb80%\u00bb use_custom_gutter=\u00bboff\u00bb gutter_width=\u00bb3&#8243; custom_padding=\u00bb27px|0px|17px|0px\u00bb padding_mobile=\u00bboff\u00bb allow_player_pause=\u00bboff\u00bb parallax=\u00bboff\u00bb parallax_method=\u00bbon\u00bb make_equal=\u00bboff\u00bb column_padding_mobile=\u00bbon\u00bb parallax_1=\u00bboff\u00bb parallax_method_1=\u00bbon\u00bb parallax_2=\u00bboff\u00bb parallax_method_2=\u00bbon\u00bb parallax_3=\u00bboff\u00bb parallax_method_3=\u00bbon\u00bb parallax_4=\u00bboff\u00bb parallax_method_4=\u00bbon\u00bb admin_label=\u00bbFila\u00bb disabled=\u00bboff\u00bb][et_pb_column type=\u00bb4_4&#8243; disabled=\u00bboff\u00bb parallax=\u00bboff\u00bb parallax_method=\u00bbon\u00bb column_padding_mobile=\u00bbon\u00bb][et_pb_text background_layout=\u00bblight\u00bb text_orientation=\u00bbleft\u00bb admin_label=\u00bbTexto\u00bb use_border_color=\u00bboff\u00bb border_style=\u00bbsolid\u00bb disabled=\u00bboff\u00bb]<\/p>\n<h4 style=\"text-align: center;\"><a href=\"http:\/\/www.asociacion-piel.org.ar\/web\/wp-content\/uploads\/2017\/01\/logo-asociacion-trans.fw_.png\"><img loading=\"lazy\" class=\"alignnone wp-image-404\" src=\"http:\/\/www.asociacion-piel.org.ar\/web\/wp-content\/uploads\/2017\/01\/logo-asociacion-trans.fw_-300x225.png\" alt=\"\" width=\"134\" height=\"100\" srcset=\"https:\/\/www.asociacion-piel.org.ar\/web\/wp-content\/uploads\/2017\/01\/logo-asociacion-trans.fw_-300x225.png 300w, https:\/\/www.asociacion-piel.org.ar\/web\/wp-content\/uploads\/2017\/01\/logo-asociacion-trans.fw_-510x382.png 510w, https:\/\/www.asociacion-piel.org.ar\/web\/wp-content\/uploads\/2017\/01\/logo-asociacion-trans.fw_.png 525w\" sizes=\"(max-width: 134px) 100vw, 134px\" \/><\/a><\/h4>\n<h4 style=\"text-align: center;\"><\/h4>\n<h4 style=\"text-align: center;\"><span style=\"color: #00ccff;\">ASOCIACION PIEL<\/span>\u00a0&#8211; Asociaci\u00f3n civil sin fines de lucro &#8211; Personer\u00eda Jur\u00eddica N\u00ba 1.506.950<\/h4>\n<p>[\/et_pb_text][\/et_pb_column][\/et_pb_row][\/et_pb_section][et_pb_section transparent_background=\u00bboff\u00bb background_color=\u00bb#283139&#8243; allow_player_pause=\u00bboff\u00bb inner_shadow=\u00bboff\u00bb parallax=\u00bboff\u00bb parallax_method=\u00bbon\u00bb padding_mobile=\u00bboff\u00bb make_fullwidth=\u00bboff\u00bb use_custom_width=\u00bboff\u00bb width_unit=\u00bboff\u00bb custom_width_px=\u00bb1080px\u00bb custom_width_percent=\u00bb80%\u00bb make_equal=\u00bboff\u00bb use_custom_gutter=\u00bboff\u00bb fullwidth=\u00bboff\u00bb specialty=\u00bboff\u00bb admin_label=\u00bbsection\u00bb disabled=\u00bboff\u00bb][et_pb_row make_fullwidth=\u00bboff\u00bb use_custom_width=\u00bboff\u00bb width_unit=\u00bboff\u00bb custom_width_px=\u00bb1080px\u00bb custom_width_percent=\u00bb80%\u00bb use_custom_gutter=\u00bboff\u00bb gutter_width=\u00bb3&#8243; padding_mobile=\u00bboff\u00bb allow_player_pause=\u00bboff\u00bb parallax=\u00bboff\u00bb parallax_method=\u00bbon\u00bb make_equal=\u00bboff\u00bb column_padding_mobile=\u00bbon\u00bb parallax_1=\u00bboff\u00bb parallax_method_1=\u00bbon\u00bb parallax_2=\u00bboff\u00bb parallax_method_2=\u00bbon\u00bb parallax_3=\u00bboff\u00bb parallax_method_3=\u00bbon\u00bb parallax_4=\u00bboff\u00bb parallax_method_4=\u00bbon\u00bb admin_label=\u00bbrow\u00bb disabled=\u00bboff\u00bb][et_pb_column type=\u00bb1_2&#8243; disabled=\u00bboff\u00bb parallax=\u00bboff\u00bb parallax_method=\u00bbon\u00bb column_padding_mobile=\u00bbon\u00bb][et_pb_blurb title=\u00bbBuenos Aires\u00bb url_new_window=\u00bboff\u00bb use_icon=\u00bbon\u00bb font_icon=\u00bbR\u00bb icon_color=\u00bb#ec6d5f\u00bb use_circle=\u00bboff\u00bb circle_color=\u00bb#2caaca\u00bb use_circle_border=\u00bboff\u00bb circle_border_color=\u00bb#2caaca\u00bb icon_placement=\u00bbleft\u00bb animation=\u00bbbottom\u00bb background_layout=\u00bbdark\u00bb text_orientation=\u00bbcenter\u00bb use_icon_font_size=\u00bboff\u00bb icon_font_size=\u00bb96px\u00bb admin_label=\u00bbBlurb\u00bb use_border_color=\u00bboff\u00bb border_color=\u00bb#ffffff\u00bb border_width=\u00bb1px\u00bb border_style=\u00bbsolid\u00bb disabled=\u00bboff\u00bb]<\/p>\n<p>Av. J.B. Pala\u00e1 536, Avellaneda (1870), Provincia de Buenos Aires, Argentina. &#8211; Tel: +(54 11) 4201-1001 \/ 4913<br \/>\nE-mail: <span id=\"cloak9440\"><a href=\"mailto:info@asociacion-piel.org.ar\">info@asociacion-piel.org.ar<\/a><\/span><\/p>\n<p>[\/et_pb_blurb][\/et_pb_column][et_pb_column type=\u00bb1_2&#8243; disabled=\u00bboff\u00bb parallax=\u00bboff\u00bb parallax_method=\u00bbon\u00bb column_padding_mobile=\u00bbon\u00bb][et_pb_blurb title=\u00bbC\u00f3rdoba\u00bb url_new_window=\u00bboff\u00bb use_icon=\u00bbon\u00bb font_icon=\u00bbR\u00bb icon_color=\u00bb#ec6d5f\u00bb use_circle=\u00bboff\u00bb circle_color=\u00bb#2caaca\u00bb use_circle_border=\u00bboff\u00bb circle_border_color=\u00bb#2caaca\u00bb icon_placement=\u00bbleft\u00bb animation=\u00bbtop\u00bb background_layout=\u00bbdark\u00bb text_orientation=\u00bbcenter\u00bb use_icon_font_size=\u00bboff\u00bb icon_font_size=\u00bb96px\u00bb admin_label=\u00bbBlurb\u00bb use_border_color=\u00bboff\u00bb border_color=\u00bb#ffffff\u00bb border_width=\u00bb1px\u00bb border_style=\u00bbsolid\u00bb disabled=\u00bboff\u00bb]<\/p>\n<p style=\"text-align: left;\" align=\"center\">Bedoya N\u00b0 118. Planta baja A\u00a0\u00a0&#8211; C.P. 5000 &#8211; C\u00f3rdoba, Argentina. &#8211; Tel: +(54 351) 156838058<br \/>\nE-mail: <span id=\"cloak78226\"><a href=\"mailto:info@asociacion-piel.org.ar\">info@asociacion-piel.org.ar<\/a><\/span><\/p>\n<p>[\/et_pb_blurb][\/et_pb_column][\/et_pb_row][\/et_pb_section]<\/p>\n","protected":false},"excerpt":{"rendered":"<p>[et_pb_section transparent_background=\u00bboff\u00bb allow_player_pause=\u00bboff\u00bb inner_shadow=\u00bboff\u00bb parallax=\u00bboff\u00bb parallax_method=\u00bbon\u00bb custom_padding=\u00bb0px|0px|1px|0px\u00bb padding_mobile=\u00bboff\u00bb make_fullwidth=\u00bboff\u00bb use_custom_width=\u00bboff\u00bb width_unit=\u00bboff\u00bb custom_width_px=\u00bb1080px\u00bb custom_width_percent=\u00bb80%\u00bb make_equal=\u00bboff\u00bb use_custom_gutter=\u00bboff\u00bb fullwidth=\u00bboff\u00bb specialty=\u00bboff\u00bb admin_label=\u00bbSecci\u00f3n\u00bb disabled=\u00bboff\u00bb][et_pb_row make_fullwidth=\u00bboff\u00bb use_custom_width=\u00bboff\u00bb width_unit=\u00bboff\u00bb custom_width_px=\u00bb1080px\u00bb custom_width_percent=\u00bb80%\u00bb use_custom_gutter=\u00bboff\u00bb gutter_width=\u00bb3&#8243; custom_padding=\u00bb25px|0px|27px|0px\u00bb padding_mobile=\u00bboff\u00bb allow_player_pause=\u00bboff\u00bb parallax=\u00bboff\u00bb parallax_method=\u00bbon\u00bb make_equal=\u00bboff\u00bb column_padding_mobile=\u00bbon\u00bb parallax_1=\u00bboff\u00bb parallax_method_1=\u00bbon\u00bb parallax_2=\u00bboff\u00bb parallax_method_2=\u00bbon\u00bb parallax_3=\u00bboff\u00bb parallax_method_3=\u00bbon\u00bb parallax_4=\u00bboff\u00bb parallax_method_4=\u00bbon\u00bb admin_label=\u00bbFila\u00bb disabled=\u00bboff\u00bb][et_pb_column type=\u00bb4_4&#8243; disabled=\u00bboff\u00bb parallax=\u00bboff\u00bb parallax_method=\u00bbon\u00bb column_padding_mobile=\u00bbon\u00bb][et_pb_image src=\u00bbhttp:\/\/www.asociacion-piel.org.ar\/web\/wp-content\/uploads\/2017\/03\/1-1.png\u00bb show_in_lightbox=\u00bboff\u00bb url_new_window=\u00bboff\u00bb use_overlay=\u00bboff\u00bb sticky=\u00bboff\u00bb align=\u00bbcenter\u00bb force_fullwidth=\u00bboff\u00bb [&hellip;]<\/p>\n","protected":false},"author":3,"featured_media":0,"parent":0,"menu_order":0,"comment_status":"closed","ping_status":"closed","template":"","meta":{"_et_pb_use_builder":"on","_et_pb_old_content":"","_et_gb_content_width":""},"_links":{"self":[{"href":"https:\/\/www.asociacion-piel.org.ar\/web\/wp-json\/wp\/v2\/pages\/537"}],"collection":[{"href":"https:\/\/www.asociacion-piel.org.ar\/web\/wp-json\/wp\/v2\/pages"}],"about":[{"href":"https:\/\/www.asociacion-piel.org.ar\/web\/wp-json\/wp\/v2\/types\/page"}],"author":[{"embeddable":true,"href":"https:\/\/www.asociacion-piel.org.ar\/web\/wp-json\/wp\/v2\/users\/3"}],"replies":[{"embeddable":true,"href":"https:\/\/www.asociacion-piel.org.ar\/web\/wp-json\/wp\/v2\/comments?post=537"}],"version-history":[{"count":12,"href":"https:\/\/www.asociacion-piel.org.ar\/web\/wp-json\/wp\/v2\/pages\/537\/revisions"}],"predecessor-version":[{"id":902,"href":"https:\/\/www.asociacion-piel.org.ar\/web\/wp-json\/wp\/v2\/pages\/537\/revisions\/902"}],"wp:attachment":[{"href":"https:\/\/www.asociacion-piel.org.ar\/web\/wp-json\/wp\/v2\/media?parent=537"}],"curies":[{"name":"wp","href":"https:\/\/api.w.org\/{rel}","templated":true}]}}